e
Suppose -39*u = -16*u - 11036803. Is u a composite number?
False
Is (9*7594064/(-72))/(-3 + 3 + -2) a composite number?
False
Suppose 4*w - 6576 = -4*t, -30*t - w - 1634 = -31*t. Is t a prime number?
False
Is 4150 - 1*(93/(-155))/((-2)/(-10)) a composite number?
False
Let u(b) = b**3 + 40*b**2 - 48*b + 98. Let o(y) = -y**3 + 21*y**2 - 94*y - 13. Let c be o(6). Is u(c) a composite number?
False
Suppose 4*p = 3*p + 3*g + 200968, 0 = 2*p + 6*g - 401972. Is p prime?
False
Suppose -42*w = 14*w - 22*w - 37754858. Is w a composite number?
True
Let v be (112/35)/8 - 109023/(-5). Let z = -13614 + v. Is z a prime number?
True
Suppose -2*x - 3*c = -0*x + 755, 3*x - 5*c + 1104 = 0. Let k = x - -644. Is k composite?
False
Let t = 45 - 29. Suppose -4*a - 4 = -t. Suppose -5*l = -2*v - 3*v + 23090, -2*l = a*v - 13829. Is v composite?
True
Is 2722/(734/(-212) - 763/(-218)) composite?
True
Suppose 2*k + 10 = -6. Let i be (0 - (-36)/k)*2. Is 5122/6 - (-6)/i a prime number?
True
Let y(q) = -q**2 - 45*q - 384. Let g be y(-33). Suppose -k = 3*k - b - 54397, 4*k = 2*b + 54398. Suppose -3*m - k = -g*m. Is m a prime number?
True
Suppose -14*g = 6 - 48. Suppose g*d - 8730 = -4*n, -d - 2*n = -7*n - 2891. Suppose v + 2*v + p = d, v = -p + 972. Is v prime?
True
Is 3121233 + 0 - (-313 + 289) prime?
False
Suppose 4*q + 8 = 0, 3*t - 3*q + 51 = -24. Let m(s) = -s**3 - 25*s**2 - 104. Is m(t) a composite number?
True
Let h = 75 + 217. Suppose -4*k + 150 = 2*l - h, 424 = 4*k - 4*l. Is k a composite number?
False
Let k(t) = 63*t + 128. Let u be (-4)/(-2) - (-1 - 6)*5. Is k(u) a prime number?
True
Suppose -5*o = -3*q - 181702, q + 12515 = -2*o + 85198. Is o a prime number?
True
Let a(m) = -4*m - 11. Let o be a(-4). Let u(r) = -18 + 4 - 20 + o + 1062*r. Is u(7) a composite number?
True
Let m be -40 - 2 - (-1 + -3 - -8). Is m/((-4)/(-1256)*-4) a prime number?
False
Suppose 0 = 9*g - 3*g - 3312. Let o be (g/44)/3 - 2/11. Suppose 5*c + 2*r - 345 = 1878, 0 = 3*c + o*r - 1331. Is c prime?
False
Is (228/(-171))/((-4)/12897) composite?
True
Let l be 8*(-3)/(-48) + 6/4. Suppose -k - 10901 = -l*k + 2*j, 5*k + j = 54516. Is k a composite number?
False
Let f(l) be the third derivative of 4*l**6/45 + l**5/40 - l**4/6 - 11*l**3/6 - 21*l**2. Let d(s) be the first derivative of f(s). Is d(3) composite?
False
Suppose -239*z = 1371538 - 3042614 - 2461473. Is z a composite number?
False
Let w be ((-96)/30)/(59/30 + -2). Suppose -1854 = -2*p - w. Suppose -7*l + p = -52. Is l a prime number?
False
Let y = -59381 + 236808. Suppose 4*t - 6*t - y = -3*f, -2*t = 4. Is f a composite number?
False
Let w be (12/14)/(8/56). Let c(l) = -w*l - 7 + 8*l - 35*l**3 - 4*l + 103*l**3. Is c(3) prime?
True
Suppose 0 = -k + 48 + 52. Suppose s + k = -4*s. Is ((-7686)/12 + -6)*s/6 composite?
True
Suppose 3*p - 214699 = 2*k, -2*p - 47*k + 44*k = -143150. Is p a prime number?
True
Suppose 49*m - 9*m = -37*m + 15346793. Is m a prime number?
False
Let v(g) = 605*g + 825823. Is v(0) a composite number?
True
Suppose -x - 102213 = -5*x - 5*t, -3*t - 102173 = -4*x. Suppose -4*f + 5*q + x - 8659 = 0, f - 4222 = -2*q. Is f prime?
False
Suppose -5*k = -15 - 35. Suppose 7*u - k = 5*u. Suppose u*j + 1062 = 2*b, -b = -0*j - 3*j - 533. Is b a composite number?
False
Let k be 21/6*-2 - 2. Let f = -6 - k. Suppose 0*g - 3*g - 4490 = -5*y, 2*y - f*g - 1787 = 0. Is y a composite number?
True
Suppose -7166 = -29*v + 297102. Suppose -6*d + 2*d - 4*q + v = 0, d - 2629 = -4*q. Is d a composite number?
False
Is (-20)/(-15)*(6 - (-594150)/40) prime?
True
Let i(x) = -x**2 - 6*x + 12. Let n be i(-7). Suppose 0 = 5*v - k - 5498, 0*v + 4*v + n*k = 4381. Is v composite?
True
Suppose -315311 = 5*i - 10*i + 4*p, 315287 = 5*i + 2*p. Is i composite?
False
Let z(x) = -x**2 + 12*x + 16. Let l be z(13). Suppose -2*u - l*t = -11611, 2*u + t - 7697 - 3924 = 0. Is u composite?
False
Let h(y) = 27*y + 30. Let c(s) = s + 1. Let p(o) = 5*c(o) + h(o). Let r = 1396 + -1374. Is p(r) a composite number?
False
Suppose -11*y + 2*y - 90 = 0. Is (-2)/(6/18717)*(9 + y) prime?
False
Let b(a) be the third derivative of -5*a**4/4 + 19*a**3/6 + 13*a**2. Let t(r) = -r + 1. Let n(l) = b(l) + 2*t(l). Is n(-13) a composite number?
True
Suppose -22*h + 319319 = 7*h. Suppose -y + 2*r - r = -3657, 3*y + 5*r = h. Is y a prime number?
False
Let r(f) = -751*f**3 - 7*f**2 - 22*f - 4. Let s be r(-4). Suppose -6*p = -18*p + s. Is p a prime number?
True
Let z = 13 - -5. Suppose z*i = -20928 + 165630. Is i prime?
True
Suppose 3*h - k - 139996 = 0, 779*h - 784*h = -k - 233322. Is h prime?
True
Let n(f) = 6*f**3 + f**2 + 530*f + 65. Is n(28) composite?
False
Let n(z) = 3*z - 24. Let j be n(9). Suppose -35 = 2*w - j*w. Is (-5)/1*(-4907)/w a prime number?
True
Is 4/6*3*(-540948)/(-24) a prime number?
False
Let m(z) = 3*z**2 - 16*z + 2. Let v be m(9). Let x = v + -98. Suppose -4*g = x*y - 2990, 2*g + 2*y - 1326 - 168 = 0. Is g a composite number?
True
Is 1/5 - (-7580366)/395 composite?
True
Suppose -2*y + 3*k = -y - 5, -20 = -4*y + k. Suppose -2*i = 4*r - 5 - 19, 5*i = r + y. Suppose 0 = 3*m - 0*m + 2*v - 1683, -r*m + 2803 = 4*v. Is m composite?
False
Let b(c) be the third derivative of c**6/20 - 7*c**5/60 - c**4/3 - 4*c**3/3 + 21*c**2 + 12. Let z(l) = -l + 1. Let a be z(-6). Is b(a) composite?
True
Let n = 139939 + -85460. Is n composite?
True
Let k = 58356 + -33567. Is k a composite number?
True
Let o(r) = 137838*r**2 - 57*r + 17. Is o(-2) a composite number?
False
Let s = 11807 + -5466. Suppose -16*o + s = -1163. Is o a composite number?
True
Let i(d) = d**3 + 5*d**2 - 2*d - 6. Let w be i(-5). Let o be ((-20)/(-25))/(4/30). Suppose -4*f = -w*u - 7056, f = o*f - 4*u - 8821. Is f composite?
True
Suppose 0 = 18*v - 12*v + 448332. Let f = 108405 + v. Is f a prime number?
False
Let w be (2/5)/((-50)/(-500)). Is (10 - (-13804)/16)/(1/w) a prime number?
True
Suppose -5*m + u = 40, -2*u - 4 = 3*m + 7. Is (-10)/(-35) + (-40521)/m a composite number?
True
Let n(i) = 3*i**2 + 7*i - 8. Let a be n(-7). Suppose -4*f + 3*u = -1382, 3*u = -5*f + 6*u + 1729. Let o = f - a. Is o a prime number?
True
Let s = 567 + 2479. Let y = -1865 + s. Is y a prime number?
True
Let o(p) be the first derivative of -47*p**5/30 - p**4/24 + 5*p**3 - 21. Let k(t) be the third derivative of o(t). Is k(-4) composite?
False
Is 985988/14 - 640/896 composite?
True
Suppose -11 = -3*k - h, -h = -4*k - 0*h + 24. Suppose l + 2*o + 1492 = 3*l, -4*o - 3733 = -k*l. Suppose 0 = -a + v + 3*v + 133, -5*a - v + l = 0. Is a prime?
True
Let x = 51601 + -29690. Is x prime?
True
Let s = -8 + 2. Let r(c) = 3*c**3 - 12*c**2 + 5*c + 1. Let a(t) = 6*t**3 - 24*t**2 + 9*t + 5. Let w(p) = -4*a(p) + 7*r(p). Is w(s) a composite number?
True
Let z = 5845 - -815. Suppose -7205 = -5*b + z. Is b prime?
False
Let q(r) = 56*r**2 - 11*r - 7. Suppose 6*l + 88 = 64. Is q(l) a prime number?
False
Let i be (20/(-6))/(42/(-189)). Let s = -49 + i. Let p = s + 735. Is p prime?
True
Suppose u - 5*o = -8, -2 = 5*u + 5*o - 22. Suppose -3*c + 470 = i, -u*i - 3*c - 493 = -1430. Is i composite?
False
Let c be -3 - 872 - (1 + (-4)/2). Let d = c + 2607. Is d composite?
False
Suppose 56112 = 3*u - 4*q, -56109 = 13*u - 16*u + 3*q. Suppose 11*j - 7*j = -4*m + u, 5*m + j = 23387. Is m prime?
False
Let n be (-16)/(-200) - (-1653012)/(-150). Let f = -6165 - n. Is f composite?
True
Let t = 1082 - 681. Let r = 828 - t. Is r composite?
True
Suppose -b + 158 = 3*z - 228, -4*b = -5*z - 1527. Let f = 269 - b. Let g = f - -233. Is g a prime number?
False
Is (-476886)/(-4)*(-398)/(-597) a composite number?
False
Suppose -5*m + 10418 = 4*r, -1807 = -r + 5*m + 810. Let b = 6436 - r. Is b prime?
False
Let o be (-34)/(-153) - 2/9. Let u be 15627*(5/15 - o). Suppose -4*f - 2*s = -4178, -4*s - u = -5*f - 2*s. Is f composite?
True
Let m = 4264 - 3501. Is m composite?
True
Suppose 0 = 3*p - j - 5, -18*p = -20*p - 4*j + 22. Suppose 0 = 2*s - 3*u - 9230 - 573, -4*u - 4889 = -s. Is p/8 - s/(-8) a prime number?
False
Is (4221432/144)/(3/6) prime?
True
Suppose 64 = 4*a + 4*y, 5*a - 87 = -y - 7. Suppose -10 = -2*t + a. Is 1262/((t - 11)/(1/1)) composite?
False
Let d(t) = -139*t - 123. Let q be d(-17). Suppose q - 6621 = -13*j. Is j a prime number?
True
Let z be ((-1786)/(-3))/((-64)/(-96)). Let a = z +